s digit of x?
3
Let n = -7 + 10. Suppose 2*g = n*v + 7*g, 0 = 3*g. What is the tens digit of 66 + v*(-3)/6?
6
Let c = 55584 - 21520. What is the tens digit of c?
6
Suppose -2*c - 4*p = 600, -5*c + 2*p = -3*p + 1425. Let u = c + 485. What is the units digit of u?
5
What is the tens digit of (-590958)/(-81) - (-12)/54?
9
Let c = -176 - -297. Let t(j) = -8*j - 112. Let q be t(-5). Let x = c + q. What is the units digit of x?
9
Let s = -6092 - -13199. What is the units digit of s?
7
Suppose 0 = 18*l - 49 - 707. Suppose -i = -1 + 4. Let z = l - i. What is the units digit of z?
5
Let r = -6 + 58. What is the hundreds digit of 4/(-16) - (-41769)/r?
8
Suppose 2*j + 1 = -7, 5*g - j = 67329. What is the thousands digit of g?
3
Let d be (-3 - (-34)/12) + (-250)/(-60). Let s(u) = 53*u**2 - 13*u + 60. What is the tens digit of s(d)?
5
Let w(p) = 5*p**2 - 36 + 11*p**2 - p**3 + 6 + 19*p. Let z be w(17). Suppose -3*k + 112 = m - 9, 444 = z*m + 2*k. What is the units digit of m?
9
Let l(n) = -5*n**3 - 5*n**2 - 33*n - 363. What is the hundreds digit of l(-16)?
3
Suppose b - 125 = 735. What is the units digit of 5/(30/(-21))*b/(-7)?
0
Let h(c) = -3*c - 28. Suppose -5 = 2*l + 15. Let t be h(l). Suppose t*q - 214 - 44 = 0. What is the tens digit of q?
2
Suppose 5*s = 5*y - 36905, -10*s = -14*s + 12. What is the thousands digit of y?
7
Let g be ((-1)/2)/(24/(-4272)). Let n = g + -85. Let v(k) = 11*k**2 + 2*k - 2. What is the tens digit of v(n)?
8
Suppose 81*l - 84*l = 1113. Let x = 802 + l. What is the hundreds digit of x?
4
Let i(y) = -90*y**3 + 4*y**2 - 106*y - 456. What is the ten thousands digit of i(-5)?
1
Let d = 52 + -61. Let t be 3*(-1)/((-3)/d). What is the units digit of ((-96)/18)/(6/t)?
8
Let g = -338 - -432. Let r = g + 114. What is the tens digit of r?
0
Let l = 40048 + -20889. What is the units digit of l?
9
Suppose -5*t = -2*l + 4157, -384*t + 385*t + 10335 = 5*l. What is the units digit of l?
6
Let t(x) = 13*x**3 - 33*x**2 - 5*x + 25. What is the units digit of t(13)?
4
Suppose 16 = -4*t, -3*s = 3*t - 2404 - 131. What is the units digit of s?
9
Let c(v) = 2*v - 9. Let p be c(10). Suppose p*d - 8*d = -6. What is the units digit of 3 - (d - (0 + 4))*23?
1
Let y(k) = -k**2 + 12*k - 16. Let i be y(10). Suppose 0 = 8*a - i*a - 12. Suppose 2*b - 565 = -a*b. What is the tens digit of b?
1
Let f(c) = -c**3 - 2*c**2 - 1. Let p(n) = -n**3 - 2*n**2 + 2*n - 32. Let i(r) = -f(r) - p(r). What is the tens digit of i(6)?
9
Let c be (3/((-12)/95))/((-22)/(-88)). Let r = 15 - c. What is the hundreds digit of r?
1
Suppose -3*b - 24 = b. Let m be -4 - (b + 1) - 25. Let q = 36 + m. What is the units digit of q?
2
Suppose -6718*x + 260043 = -6689*x. What is the hundreds digit of x?
9
What is the tens digit of (4 + (-24)/16)/(39272/(-7856) - -5)?
5
Suppose -875 = -7*o + 2*o. Let t(s) = s**2 - 41*s + 548. Let h be t(19). Suppose 0 = -3*m + 6*m - 4*x - h, 3*m = -5*x + o. What is the units digit of m?
0
Suppose 5*d - 5*h = 52280, -3*d + 7*d - h - 41833 = 0. What is the thousands digit of d?
0
Suppose -5*a = -20, -31 - 13 = -3*b - 5*a. What is the units digit of (3 + -3)/b - -316?
6
Let k(d) = -d**2 + 14*d - 27. Let u be k(11). Suppose 0 = -u*j - 79 - 29. Let n = j - -80. What is the units digit of n?
2
Let m(w) = 6*w**3 - 4*w**2 - 16*w + 10. Let p(f) = f**3 - f**2 - f - 1. Let o(d) = m(d) - 5*p(d). What is the hundreds digit of o(8)?
5
Suppose -50 = 4*z - 3*m + 44, -2*m = -5*z - 114. What is the units digit of (-922)/(-3) - z/33?
8
Suppose -8*i = 25*i - 4*i. Let w(t) = -2*t**2 + 1126. What is the units digit of w(i)?
6
Let q be -1*(-2 + -3)*139. What is the units digit of ((2 + -1)*1)/(5/q)?
9
Suppose 5*s - 627 = -2*g - 154, 5*g + 3*s - 1135 = 0. Let d = g - -169. What is the tens digit of d?
9
Let c(t) = t + 6. Let g be c(-3). Suppose 0 = -i, 0 = -f - g*i - 0*i + 150. Suppose 2*s + 2*b - f = 0, -2*s = -s - 4*b - 65. What is the units digit of s?
3
Let v(l) = l**3 - 9*l**2 + 7*l + 5. Let o be v(8). Let d be o + 3/1 + 37. Suppose -40 = -m + d. What is the units digit of m?
7
Let x(o) = 6*o**2 - 21*o - 2547. What is the ten thousands digit of x(61)?
1
Let j(c) = 151*c**2 + 357*c + 137. What is the ten thousands digit of j(-21)?
5
Suppose 0 = -3*l + 3*i + 23409, 13*i - 39009 = -5*l + 16*i. What is the thousands digit of l?
7
Suppose -54*o + 27*o + 333888 = -146766. What is the tens digit of o?
0
Let f(b) = b**3 + 17*b**2 + 16*b + 12. Let j be f(-16). What is the tens digit of (-144)/(-2) + j/2?
7
Let w = 15 + -11. Suppose -4*r - 25 = -w*t + 11, 4*t - 36 = r. Let f(v) = v**2 - v - 10. What is the units digit of f(t)?
2
Let v(y) = y**2 + 2*y + 14. Let t be v(8). Suppose n - 5*s - 53 = 0, -3*n + 151 + 32 = -3*s. Let p = t + n. What is the tens digit of p?
5
Let g = 1020 + -415. Let s = -302 + g. What is the tens digit of s?
0
Let l be (-2 + (-76)/(-20))*-5. What is the tens digit of (-2691)/l + 1 + (1 - 1)?
0
Let k be (-9 - (-3 + -6))*-1. Suppose -f - 10*f + 11715 = k. What is the thousands digit of f?
1
Let l be (-5)/(15/9) - (-48)/4. Suppose l - 21 = -4*c. What is the units digit of (-7)/(c/(-15) + 0)?
5
Let t = 243 + -243. Suppose t = 5*r + 5*b - 3030, 1873 = 4*r + 2*b - 541. What is the tens digit of r?
0
Let u(p) = p**2 - 6*p + 4. Let i be u(6). Let m be i/((-32)/6) + (-30)/(-8). Suppose -3*f = 2*f + 3*c - 334, -3*c + 204 = m*f. What is the units digit of f?
5
Let p(k) = 10*k + 2. Let q be 3 + (-2)/(-4)*-4. Let w be p(q). What is the units digit of (-1 + (-135)/w)*-4?
9
Suppose 9*i - 38*i = -580. What is the hundreds digit of 2/(-3)*(-248 + i)?
1
Suppose -5*x - 28 = -0*w - w, 0 = 4*w - 5*x - 37. What is the tens digit of 12840/36 + w/9?
5
Let m = -26382 + 53532. What is the thousands digit of m?
7
Suppose -13*i + 11*i + m - 1 = 0, -4*m + 14 = 2*i. What is the units digit of 12/(-9)*i*-1317?
6
What is the hundreds digit of (-35)/(-15)*(-66)/(-385) + 500872/20?
0
Suppose -3*n + 22 = d, -34 = -n - 4*n - 3*d. Let p(i) = 6*i**2 - i - 9. What is the hundreds digit of p(n)?
3
What is the hundreds digit of 135374/19 - ((-180)/(-380))/(-9)?
1
Let h(y) = -y**3 + 3*y**2 - 6*y - 17. Let m be h(-7). Let d = -127 + m. What is the units digit of d?
8
Let s be 193 - -2 - (-4)/4. Suppose -192*x = -s*x + 4728. What is the hundreds digit of x?
1
Suppose -98*n + 67392 = 46*n. What is the tens digit of n?
6
Let c(h) = 4*h**3 + 4*h**2 + 9*h + 10. Let k be 4 + 19/17 + (-42)/357. What is the hundreds digit of c(k)?
6
Suppose -5*p + 18 + 5 = 2*r, 2*p - 10 = -r. Suppose 0 = -r*q + 177 + 79. Suppose q = 3*l - 167. What is the units digit of l?
7
Suppose -3*u + 2*f + 16 = 0, f + 3 - 1 = 0. Suppose -4*k - 5*g = -265, -3*k + u*g + 196 = 5*g. What is the tens digit of k?
6
Suppose 12 = -d + 5*t - 2, -4 = -t. Let i(n) = 11*n**2 + 6*n - 4. What is the tens digit of i(d)?
2
Let x(k) = -11*k + 3. Suppose -2*z = -3*z + 4*i - 7, 2*z + 5*i = 12. Let c be -1 + -2 - -2 - (z + 2). What is the units digit of x(c)?
7
Let s = 52 - 52. Suppose s = -5*i + 23 + 2. Suppose i*j + 5*y - 375 = 0, 0*j = 3*j + 2*y - 223. What is the units digit of j?
3
Let f be (-210231)/(-105) - 18/15. Suppose 0 = -5*j + 3*n + f, 0 = -3*j - 2*n + n + 1195. What is the hundreds digit of j?
3
Suppose 3*r = -53 - 43. Let s be (r/56 - (-4)/(-14))*7. What is the units digit of (-501)/s + 21/14?
5
Let w = -22 + 26. Let u be 32 - 28 - (-246)/w*2. Suppose 3*x + 12 = 0, d - 3*x = -4*d + u. What is the tens digit of d?
2
Let t(v) = -33*v**3 + 14*v**2 + 360*v + 4796. What is the tens digit of t(-14)?
5
Suppose 4*v - 53452 = 4*q, 1386*v + 53452 = 1390*v - 2*q. What is the ten thousands digit of v?
1
Let k(q) = -10*q**3 - q**2 - 7*q - 7. Let o be k(-2). Suppose 6*w + 73 = -o. What is the hundreds digit of (w/4)/(3/(-48))?
1
Let k be (1 - 2) + (12 - 8). Suppose 0 = 6*g + k*g - 3330. What is the tens digit of g?
7
Let d(s) = -651*s - 5. What is the hundreds digit of d(-8)?
2
Let h be (-20)/7 + (-1)/(10 + -3). Let z be (-7)/(h/(-6) - -1)*3. Let p = z - -60. What is the tens digit of p?
4
Let j(m) = -11533*m + 91. What is the tens digit of j(-2)?
5
Suppose -15 - 21 = 6*k. Let t = 23 - 26. What is the units digit of 3 + k/(-3) - t?
8
Let l = -5455 - -14168. What is the tens digit of l?
1
Let h(u) = u**2 - 5*u. Let j be h(5). Suppose 5*r + j*r = 390. Let c